 to base 14
-1198
319 (base 13) to base 7
1354
5000 (base 9) to base 15
1130
Convert 177 (base 16) to base 6.
1423
951 (base 11) to base 10
1145
597a (base 16) to base 3
1011102101
6442 (base 9) to base 4
1022000
Convert -2696 (base 11) to base 16.
-da5
184b9 (base 12) to base 16
89cd
Convert 1111111011 (base 2) to base 4.
33323
Convert -221020201 (base 3) to base 10.
-18406
-5222 (base 7) to base 4
-130211
1100000011 (base 2) to base 7
2151
What is 1954 (base 15) in base 14?
1dd5
-3b07 (base 12) to base 14
-267d
Convert 4836 (base 14) to base 6.
134144
Convert 61a8 (base 11) to base 3.
102021122
What is 122201210 (base 3) in base 13?
5b65
2256 (base 12) to base 4
323202
What is -153 (base 15) in base 2?
-100101111
10101202 (base 3) to base 15
b02
What is -1000101110100 (base 2) in base 5?
-120333
What is -10899 (base 12) in base 2?
-101010111110101
Convert 111101110001 (base 2) to base 12.
2355
-17557 (base 8) to base 4
-1331233
What is -8252 (base 10) in base 9?
-12278
-22285 (base 10) to base 15
-690a
Convert -1111000100 (base 2) to base 7.
-2545
-164 (base 15) to base 10
-319
What is -42466 (base 8) in base 10?
-17718
-21a (base 12) to base 8
-466
What is -304 (base 15) in base 10?
-679
What is -21657 (base 9) in base 4?
-3200311
What is a4a (base 12) in base 4?
113122
What is 41224 (base 5) in base 14?
da1
Convert -4241 (base 7) to base 15.
-69e
What is 33 (base 6) in base 2?
10101
Convert -2303 (base 5) to base 6.
-1304
-4104 (base 8) to base 15
-961
Convert -11111011010 (base 2) to base 6.
-13150
Convert -90af (base 16) to base 12.
-19527
6030 (base 10) to base 12
35a6
224 (base 5) to base 13
4c
11101211 (base 3) to base 8
6210
Convert 1400011 (base 5) to base 4.
12313203
6a5f (base 16) to base 3
1101100120
224141 (base 5) to base 4
1331232
Convert -3d3 (base 16) to base 15.
-454
Convert 32b (base 12) to base 7.
1235
Convert 1a2 (base 11) to base 3.
22122
34747 (base 9) to base 8
55251
Convert 1110000000 (base 2) to base 9.
1205
Convert 14124 (base 5) to base 11.
969
Convert -880 (base 11) to base 5.
-13211
Convert 3011 (base 9) to base 11.
1718
What is 5743 (base 10) in base 16?
166f
Convert 13667 (base 10) to base 13.
62b4
What is -a11c (base 15) in base 7?
-201063
47894 (base 11) to base 2
10000110101011000
Convert 11147 (base 12) to base 9.
34071
Convert -120002 (base 4) to base 14.
-7bc
What is -111101010111 (base 2) in base 11?
-2a50
Convert -111202 (base 3) to base 12.
-26b
What is 1d1 (base 15) in base 3?
120121
Convert -6817 (base 10) to base 5.
-204232
Convert -651 (base 8) to base 12.
-2b5
166 (base 10) to base 7
325
1b8 (base 14) to base 3
111021
-10112111 (base 3) to base 13
-1234
Convert -2402 (base 5) to base 13.
-211
What is 1213013 (base 4) in base 13?
3008
What is 4570 (base 8) in base 6?
15120
What is b2 (base 15) in base 11?
142
Convert 1000011011111 (base 2) to base 13.
1c73
10021 (base 5) to base 15
2c6
What is -23215 (base 6) in base 13?
-1688
What is -552 (base 9) in base 12?
-318
What is -231325 (base 6) in base 5?
-1113111
Convert 2251 (base 9) to base 12.
b6a
86a6 (base 11) to base 10
11490
-36040 (base 7) to base 5
-244124
Convert 1991 (base 10) to base 15.
8cb
Convert 330013 (base 4) to base 2.
111100000111
Convert -1a85 (base 16) to base 9.
-10273
Convert 363 (base 9) to base 12.
210
Convert 3334 (base 9) to base 10.
2461
-1132 (base 6) to base 9
-332
Convert 384b4 (base 12) to base 11.
52728
5166 (base 7) to base 12
1070
What is f1f7 (base 16) in base 10?
61943
-5667 (base 10) to base 8
-13043
What is -afb (base 16) in base 10?
-2811
What is -92 (base 12) in base 8?
-156
Convert -82a (base 15) to base 3.
-2112011
What is -262 (base 9) in base 12?
-162
What is -32379 (base 10) in base 8?
-77173
1100000000 (base 3) to base 9
40000
-263 (base 13) to base 6
-1535
20002111 (base 3) to base 2
1000101011001
Convert 674 (base 16) to base 7.
4550
What is -100d (base 15) in base 9?
-4574
What is 96ee (base 15) in base 13?
11708
-111331 (base 4) to base 7
-4045
What is 411153 (base 6) in base 10?
32685
What is 1010001000110 (base 2) in base 4?
1101012
What is 1000 (base 3) in base 4?
123
What is 517 (base 8) in base 14?
19d
Convert -16417 (base 9) to base 6.
-124111
What is -7d5 (base 14) in base 9?
-2122
Convert -4440 (base 7) to base 9.
-2163
102030 (base 4) to base 8
2214
13b (base 13) to base 3
22010
What is 5c87 (base 14) in base 13?
74a6
Convert 2210000210 (base 3) to base 10.
54696
What is 40696 (base 10) in base 6?
512224
14323 (base 6) to base 8
4353
Convert -21041 (base 5) to base 14.
-71a
Convert 22010 (base 3) to base 2.
11011011
88c (base 15) to base 11
14a7
130355 (base 6) to base 10
11807
What is -895 (base 13) in base 14?
-774
Convert 427 (base 11) to base 16.
201
520321 (base 7) to base 6
1524011
Convert -1011000010 (base 2) to base 11.
-592
5a (base 15) to base 6
221
Convert -14805 (base 13) to base 4.
-21130302
What is -834 (base 11) in base 6?
-4353
What is -9 (base 13) in base 12?
-9
What is -5021 (base 16) in base 9?
-31122
-1d54 (base 14) to base 11
-4039
Convert -32335 (base 6) to base 11.
-3387
-1244 (base 14) to base 16
-c7c
11403 (base 7) to base 11
2236
-13232302 (base 4) to base 3
-1121102211
Convert 3402 (base 11) to base 2.
1000101111111
Convert 6126 (base 8) to base 7.
12131
What is -6496 (base 16) in base 3?
-1022022201
What is 20403 (base 5) in base 8?
2511
2576 (base 9) to base 5
30212
What is -1d19 (base 15) in base 8?
-14264
What is -3301 (base 10) in base 16?
-ce5
What is 398 (base 13) in base 16?
278
What is 1459 (base 11) in base 12?
1107
33043 (base 7) to base 11
6232
What is -257 (base 13) in base 5?
-3120
Convert 1916 (base 11) to base 13.
1156
What is 201133 (base 7) in base 12?
1783a
121000010 (base 3) to base 12
6903
-16081 (base 13) to base 5
-2314343
1178 (base 16) to base 15
14d2
Convert 8827 (base 10) to base 8.
21173
What is 84674 (base 9) in base 2?
1101101010010101
230 (base 9) to base 8
275
Convert 19b4 (base 14) to base 6.
33334
What is -84 (base 14) in base 4?
-1310
What is 3b21 (base 15) in base 7?
51553
Convert 33400 (base 6) to base 10.
4680
458 (base 11) to base 5
4142
Convert -1a6 (base 14) to base 4.
-11112
What is -25014 (base 6) in base 5?
-104212
What is -1420 (base 6) in base 16?
-174
Convert -5b9 (base 14) to base 4.
-101313
Convert -702 (base 9) to base 8.
-1071
Convert -1528 (base 15) to base 6.
-33002
Convert 3a (base 16) to base 5.
213
-31a (base 11) to base 2
-110000000
-20 (base 14) to base 12
-24
112 (base 4) to base 13
19
-1100011010001 (base 2) to base 3
-22201022
Convert 4688 (base 16) to base 7.
103433
34042 (base 5) to base 15
a9c
What is -87 (base 14) in base 13?
-92
What is -432 (base 13) in base 16?
-2cd
-806 (base 11) to base 7
-2561
-b54 (base 13) to base 5
-30203
-102220 (base 6) to base 10
-8292
120 (base 13) to base 7
366
Convert -20f (base 16) to base 2.
-1000001111
-11112112 (base 3) to base 14
-12c4
Convert -3cda (base 14) to base 5.
-321101
-5386 (base 9) to base 4
-331332
What is -11 (base 5) in base 9?
-6
What is -8258 (base 10) in base 12?
-4942
Convert 123313 (base 5) to base 11.
36a4
What is 23221230 (base 4) in base 12?
23750
What is 126 (base 9) in base 13?
81
Convert -31827 (base 11) to base 8.
-132253
1386 (base 13) to base 6
21010
581 (base 10) to base 11
489
e4 (base 16) to base 9
273
2120234 (base 5) to base 11
248aa
Convert 147047 (base 8) to base 6.
1044155
1560 (base 16) to base 15
194c
-5450 (base 6) to base 14
-658
What is 121201 (base 3) in base 12?
317
What is -1133 (base 8) in base 4?
-21123
Convert 31 (base 15) to base 8.
56
-500 (base 8) to base 16
-140
What is 7722 (base 12) in base 2?
11001101001010
Convert 71d (base 14) to base 4.
111313
10133212 (base 4) to base 13
84bb
Convert 2010121 (base 3) to base 2.
11000010011
What is -1104 (base 7) in base 14?
-204
Convert -257 (base 14) to base 12.
-331
Convert 122011000 (base 3) to base 14.
47ad
36 (base 7) to base 10
27
What is 35477 (base 8) in base 7?
62135
1212021002 (base 3) to base 4
20330201
What is -1147 (base 8) in base 15?
-2b0
-15b6 (base 16) to base 3
-21121212
What is -400 (base 7) in base 8?
-304
1021 (base 5) to base 4
2020
-646 (base 12) to base 2
-1110010110
-144 (base 10) to base 14
-a4
-3440 (base 6) to base 9
-1106
Convert 12714 (base